{"id":6663,"date":"2014-04-13T18:56:11","date_gmt":"2014-04-13T16:56:11","guid":{"rendered":"http:\/\/www6.sacotel.it\/?page_id=6663"},"modified":"2014-04-13T18:58:10","modified_gmt":"2014-04-13T16:58:10","slug":"telecomitalia","status":"publish","type":"page","link":"https:\/\/www6.sacotel.it\/?page_id=6663","title":{"rendered":"Telecom Italia"},"content":{"rendered":"[vc_row]\n[vc_column width=&#8221;1\/1&#8243;]\n[\/vc_column]\n[\/vc_row]\n[vc_row]\n[vc_column width=&#8221;1\/1&#8243;]\n[vc_column_text]\n<h3><img decoding=\"async\" loading=\"lazy\" class=\"alignnone  wp-image-6664\" alt=\"Logo-Telecom\" src=\"https:\/\/www6.sacotel.it\/wp-content\/uploads\/2014\/04\/Logo-Telecom-2048x634.jpg\" width=\"819\" height=\"254\" srcset=\"https:\/\/www6.sacotel.it\/wp-content\/uploads\/2014\/04\/Logo-Telecom-2048x634.jpg 2048w, https:\/\/www6.sacotel.it\/wp-content\/uploads\/2014\/04\/Logo-Telecom-520x161.jpg 520w, https:\/\/www6.sacotel.it\/wp-content\/uploads\/2014\/04\/Logo-Telecom-258x79.jpg 258w\" sizes=\"(max-width: 819px) 100vw, 819px\" \/><\/h3>\n<h3>Telecom Italia, ieri ed oggi<\/h3>\n<p>Cade quest\u2019anno, il\u00a0<strong>2014<\/strong>,\u00a0 il\u00a0\u00a0<strong>20^ anniversario<\/strong>\u00a0della nascita di Telecom Italia ed il\u00a0<strong>50^<\/strong>\u00a0di\u00a0 quella di\u00a0<strong>SIP<\/strong>,\u00a0 la societ\u00e0 telefonica che unifica\u00a0 tutte le precedenti \u00a0e che nel 1994 si trasforma in Telecom Italia.\u00a0 Ricorre anche l&#8217;anniversario di Teti &#8211;\u00a0 la Societ\u00e0 telefonica Tirrena fondata 1924 e confluita in SIP &#8211; e di CSELT &#8211; Centro Studi e Laboratori Telecomunicazioni nato nel 1994.<\/p>\n<p>L\u2019avvento della societ\u00e0 digitale avr\u00e0 profonde ripercussioni sull\u2019economia, sui comportamenti e sugli usi di persone e aziende.<\/p>\n<p>La disponibilit\u00e0 diffusa della Banda Larga quale fattore abilitante per la crescita e l\u2019innovazione, la riduzione dei costi di accesso all\u2019ecosistema digitale ed i nuovi luoghi di comunicazione, che trovano nella rete la propria ragione di esistere, rappresentano gli elementi che consentiranno questa profonda evoluzione.<\/p>\n<p>In questo contesto il fattore di successo del Gruppo Telecom Italia sar\u00e0 la capacit\u00e0 di mettere a disposizione dei clienti:<\/p>\n<ul>\n<li><strong>Banda Larga<\/strong><\/li>\n<li><strong>Intelligenza di Rete<\/strong><\/li>\n<li><strong>Piattaforme Applicative<\/strong><\/li>\n<\/ul>\n<p>La \u00a0proposizione di valore e la \u00a0missione operativa associata a questa visione strategica, \u00e8 rispondere alle esigenze dei clienti assicurando esperienze d\u2019uso distintive ed efficaci, mirando all\u2019eccellenza nella connettivit\u00e0 per fruibilit\u00e0 e qualit\u00e0, e creando piattaforme di servizio ed ambienti comunicativi compatibili che consentano di cogliere tutte le opportunit\u00e0 offerte dalle nuove tecnologie.[\/vc_column_text]\n[\/vc_column]\n[\/vc_row]\n[vc_row]\n[vc_column width=&#8221;1\/1&#8243;]\n<div class=\"sc_layout grid post\">\t\t\t\t\t<div class=\"blog_header\">\t\t\t\t\t\t<h4 class=\"pull-left caption\">\t\t\t\t\t\t\tUltime offerte Telecom Italia\t\t\t\t\t\t<\/h4>\t\t\t\t\t\t<h6 class=\"pull-left tagline\">\t\t\t\t\t\t\t\t\t\t\t\t\t<\/h6>\t\t\t\t\t\t<div class=\"clearboth\">\t\t\t\t\t\t<\/div>\t\t\t\t\t<\/div><!-- \/.blog_header--><div class=\"row-fluid\"><div class=\"span4 column im-animate-element right-to-left \"><div class=\"image\" data-style=\"width:287px;\"><div class=\"plain post-image data-image\"><img class=\"hover_fade_js image-resize w\" src=\"https:\/\/www6.sacotel.it\/wp-content\/uploads\/cache\/9\/9e015973f77bfa11f47beaf2f2d3358d.jpg\" title=\"Telecom Italia &#8211; Internet senza limiti\" alt=\"Internet Senza Limiti\" width=\"285\" height=\"200\" \/><div class=\"preview_info_wrap\"><a class=\"controls img\" href=\"https:\/\/www6.sacotel.it\/wp-content\/uploads\/2014\/04\/internet_senza_limiti.jpg\" rel=\"prettyPhoto[post_6712]\"><i class=\"im-icon-zoom-in\"><\/i><\/a> <!-- \/.controls --><a class=\"controls link\" href=\"https:\/\/www6.sacotel.it\/?p=6712\" title=\"Telecom Italia &#8211; Internet senza limiti\"><i class=\"im-icon-link\"><\/i><\/a> <!-- \/.controls --><\/div><\/div><\/div><h2 class=\"post_title\"><a href=\"https:\/\/www6.sacotel.it\/?p=6712\" title=\"Telecom Italia &#8211; Internet senza limiti\" rel=\"bookmark\">Telecom Italia &#8211; Internet senza limiti<\/a><\/h2><div class=\"post_meta\"><span class=\"meta_date\"><i class=\"im-icon-calendar-4\"><\/i><a href=\"https:\/\/www6.sacotel.it\/?m=201404\" title=\"\">18 Apr 2014<\/a><\/span> <\/div><div class=\"content\"><div class=\"post_excerpt\">Ultra Internet Fibra Ottica. Navighi fino a 30 Mega in download e 3 Mega in upload<\/div><!-- \/.post_excerpt --><\/div><!-- \/.content --><\/div><!-- \/.span4 column --><div class=\"span4 column im-animate-element right-to-left \"><div class=\"image\" data-style=\"width:287px;\"><div class=\"plain post-image data-image\"><img class=\"hover_fade_js image-resize w\" src=\"https:\/\/www6.sacotel.it\/wp-content\/uploads\/cache\/3\/36b74222a1127166952ac2d68d727350.jpg\" title=\"Telecom Italia &#8211; Ultra Internet Fibra\" alt=\"Tuttofibra\" width=\"285\" height=\"200\" \/><div class=\"preview_info_wrap\"><a class=\"controls img\" href=\"https:\/\/www6.sacotel.it\/wp-content\/uploads\/2014\/04\/tuttofibra.jpg\" rel=\"prettyPhoto[post_6700]\"><i class=\"im-icon-zoom-in\"><\/i><\/a> <!-- \/.controls --><a class=\"controls link\" href=\"https:\/\/www6.sacotel.it\/?p=6700\" title=\"Telecom Italia &#8211; Ultra Internet Fibra\"><i class=\"im-icon-link\"><\/i><\/a> <!-- \/.controls --><\/div><\/div><\/div><h2 class=\"post_title\"><a href=\"https:\/\/www6.sacotel.it\/?p=6700\" title=\"Telecom Italia &#8211; Ultra Internet Fibra\" rel=\"bookmark\">Telecom Italia &#8211; Ultra Internet Fibra<\/a><\/h2><div class=\"post_meta\"><span class=\"meta_date\"><i class=\"im-icon-calendar-4\"><\/i><a href=\"https:\/\/www6.sacotel.it\/?m=201404\" title=\"\">18 Apr 2014<\/a><\/span> <\/div><div class=\"content\"><div class=\"post_excerpt\">Ultra Internet Fibra Ottica. Navighi fino a 30 Mega in download e 3 Mega in upload<\/div><!-- \/.post_excerpt --><\/div><!-- \/.content --><\/div><!-- \/.span4 column --><\/div><!-- \/.row-fluid --><\/div><!-- \/.sc_layout grid-->\n[\/vc_column]\n[\/vc_row]\n","protected":false},"excerpt":{"rendered":"<p>[vc_row] [vc_column width=&#8221;1\/1&#8243;] [\/vc_column] [\/vc_row] [vc_row] [vc_column width=&#8221;1\/1&#8243;] [vc_column_text] Telecom Italia, ieri ed oggi Cade quest\u2019anno, il\u00a02014,\u00a0 il\u00a0\u00a020^ anniversario\u00a0della nascita di Telecom Italia ed il\u00a050^\u00a0di\u00a0 quella di\u00a0SIP,\u00a0 la societ\u00e0 telefonica <small>&#8230;<\/small><\/p>\n","protected":false},"author":2,"featured_media":0,"parent":0,"menu_order":0,"comment_status":"open","ping_status":"open","template":"","meta":[],"_links":{"self":[{"href":"https:\/\/www6.sacotel.it\/index.php?rest_route=\/wp\/v2\/pages\/6663"}],"collection":[{"href":"https:\/\/www6.sacotel.it\/index.php?rest_route=\/wp\/v2\/pages"}],"about":[{"href":"https:\/\/www6.sacotel.it\/index.php?rest_route=\/wp\/v2\/types\/page"}],"author":[{"embeddable":true,"href":"https:\/\/www6.sacotel.it\/index.php?rest_route=\/wp\/v2\/users\/2"}],"replies":[{"embeddable":true,"href":"https:\/\/www6.sacotel.it\/index.php?rest_route=%2Fwp%2Fv2%2Fcomments&post=6663"}],"version-history":[{"count":3,"href":"https:\/\/www6.sacotel.it\/index.php?rest_route=\/wp\/v2\/pages\/6663\/revisions"}],"predecessor-version":[{"id":6667,"href":"https:\/\/www6.sacotel.it\/index.php?rest_route=\/wp\/v2\/pages\/6663\/revisions\/6667"}],"wp:attachment":[{"href":"https:\/\/www6.sacotel.it\/index.php?rest_route=%2Fwp%2Fv2%2Fmedia&parent=6663"}],"curies":[{"name":"wp","href":"https:\/\/api.w.org\/{rel}","templated":true}]}}